r of 5218824 and 226395.
1677
What is the greatest common factor of 56 and 53283314?
14
Calculate the highest common factor of 845878 and 396.
22
Calculate the greatest common factor of 9541 and 55013.
203
What is the highest common divisor of 4911201 and 19131?
2733
Calculate the greatest common factor of 63 and 244594.
7
What is the greatest common factor of 166309 and 25168?
143
What is the greatest common divisor of 537308 and 38?
2
Calculate the greatest common factor of 1342896 and 140592.
4848
Calculate the greatest common factor of 51635 and 3020015.
115
What is the highest common factor of 470154 and 3150402?
3702
Calculate the highest common factor of 744 and 17899320.
24
Calculate the highest common divisor of 2728 and 16414004.
124
What is the greatest common divisor of 19943 and 43582?
77
What is the highest common divisor of 423392 and 146327?
131
What is the greatest common divisor of 50162021 and 364?
91
Calculate the greatest common factor of 444 and 65921124.
444
Calculate the highest common factor of 10877716 and 72.
4
Calculate the greatest common factor of 96845 and 8855.
35
Calculate the highest common factor of 3424 and 445952.
32
What is the highest common factor of 227 and 7855789?
227
Calculate the greatest common factor of 27729 and 71227.
13
What is the greatest common factor of 336 and 28350?
42
What is the highest common factor of 667 and 14494577?
667
Calculate the highest common factor of 1480398 and 142568.
502
What is the greatest common factor of 1456 and 4334876?
364
What is the greatest common divisor of 43214 and 34534?
62
Calculate the greatest common factor of 755302817 and 31.
31
Calculate the highest common factor of 92339278 and 513.
19
Calculate the highest common factor of 118506590 and 203893.
4973
Calculate the highest common factor of 52 and 2333684.
4
Calculate the greatest common divisor of 1075 and 51127.
43
Calculate the highest common factor of 261 and 3673691.
29
What is the greatest common factor of 2863 and 78731273?
409
What is the highest common divisor of 10308500 and 107325?
1325
Calculate the highest common factor of 26487 and 834177.
327
Calculate the highest common factor of 6864 and 26038848.
528
What is the greatest common divisor of 70035 and 86204?
23
What is the highest common factor of 600629 and 496976?
349
What is the highest common divisor of 28158691 and 865?
173
What is the highest common divisor of 189585 and 44045?
1915
What is the highest common divisor of 71835 and 2675?
5
Calculate the highest common factor of 28 and 12838028.
28
What is the greatest common divisor of 16 and 7185868?
4
Calculate the greatest common factor of 36396 and 65448.
108
Calculate the greatest common divisor of 190835106 and 924.
462
Calculate the highest common factor of 996976 and 128.
16
Calculate the greatest common divisor of 49 and 2116464.
7
What is the highest common divisor of 5025 and 6629851?
67
Calculate the highest common factor of 68142910 and 1366.
1366
What is the greatest common factor of 6528 and 136680?
408
What is the highest common divisor of 24865 and 884164589?
4973
What is the highest common factor of 989370 and 1935?
45
Calculate the highest common factor of 107844 and 985644.
2508
Calculate the highest common factor of 25870715 and 65.
65
What is the highest common divisor of 212050105 and 31470?
5245
What is the highest common divisor of 88778744 and 58?
58
Calculate the greatest common divisor of 23612666 and 1103036.
12826
Calculate the greatest common factor of 1296724 and 104.
52
What is the greatest common factor of 2110195412 and 52?
52
Calculate the greatest common divisor of 10021 and 489207.
911
What is the greatest common factor of 4375 and 535045?
35
Calculate the greatest common factor of 187 and 13270048.
11
What is the greatest common factor of 16 and 14370248?
8
Calculate the highest common factor of 1512 and 330509256.
168
What is the greatest common factor of 19183235 and 412?
103
Calculate the highest common factor of 651 and 89844720.
21
What is the greatest common divisor of 10365 and 33456147?
2073
What is the highest common divisor of 1115319916 and 159?
53
What is the highest common divisor of 55 and 1221693?
11
What is the highest common divisor of 41447 and 69553987?
5921
Calculate the greatest common factor of 66934 and 38917340.
9562
What is the highest common factor of 6109456 and 32?
16
Calculate the highest common factor of 95 and 29218276.
19
What is the greatest common divisor of 632546 and 759?
23
Calculate the greatest common factor of 10 and 4292560.
10
Calculate the highest common divisor of 2353644 and 5180.
148
What is the highest common divisor of 216508975 and 1325?
1325
Calculate the greatest common divisor of 18883063 and 7740.
43
Calculate the highest common factor of 146920 and 40.
40
What is the greatest common factor of 29486 and 32062?
46
Calculate the greatest common factor of 185 and 895505.
5
What is the greatest common factor of 1804 and 24871297?
451
What is the highest common factor of 18403 and 2553320?
77
Calculate the greatest common divisor of 36 and 42106572.
36
Calculate the greatest common factor of 524384 and 52.
4
What is the highest common divisor of 81 and 15590826?
27
What is the greatest common factor of 10807 and 41503829?
101
Calculate the highest common divisor of 8223652 and 86818.
1046
Calculate the greatest common divisor of 26242931 and 286.
143
What is the greatest common divisor of 33123 and 1099575?
543
What is the greatest common divisor of 358262 and 112?
2
What is the greatest common divisor of 4522584 and 358567?
407
Calculate the greatest common factor of 22979 and 660124.
2089
What is the greatest common factor of 51953 and 12485?
11
What is the greatest common factor of 525316935 and 481?
481
Calculate the greatest common factor of 57 and 268598839.
19
Calculate the greatest common divisor of 1594150759 and 538.
269
What is the highest common divisor of 763 and 3072559?
7
Calculate the greatest common factor of 5771381 and 5984.
187
Calculate the greatest common divisor of 108221 and 77872.
31
What is the highest common divisor of 77440 and 5959855?
605
Calculate the highest common factor of 73348100 and 24500.
4900
Calculate the highest common factor of 605 and 8454185.
5
Calculate the highest common divisor of 28540 and 911660.
20
Calculate the greatest common divisor of 436992 and 32433.
1707
Calculate the highest common divisor of 8831535 and 26790.
705
What is the highest common divisor of 3102005 and 5?
5
What is the highest common factor of 4 and 1862536?
4
Calculate the greatest common divisor of 21952 and 21707.
49
Calculate the greatest common divisor of 415028988 and 45684.
5076
What is the highest common divisor of 86748 and 16860?
12
What is the greatest common factor of 46 and 565294?
46
What is the greatest common divisor of 61290 and 38934?
54
Calculate the highest common divisor of 4067173 and 275.
11
Calculate the highest common divisor of 154287429 and 4332.
1083
Calculate the highest common factor of 18 and 4733217.
9
Calculate the greatest common divisor of 363618 and 1494.
18
What is the highest common factor of 516838652 and 4?
4
Calculate the highest common factor of 2293676070 and 5.
5
What is the highest common divisor of 21811622 and 574?
14
Calculate the greatest common factor of 13078 and 145407743.
6539
Calculate the highest common divisor of 10818 and 10021074.
3606
What is the highest common factor of 221 and 68986527?
17
What is the greatest common factor of 217872 and 84288?
48
Calculate the highest common factor of 21170812 and 156.
52
What is the greatest common divisor of 4206258 and 6526?
502
Calculate the greatest common factor of 1945 and 3511003135.
1945
What is the highest common factor of 25795 and 544995?
55
Calculate the highest common factor of 227861943 and 23.
23
Calculate the greatest common factor of 620 and 284642.
62
What is the highest common divisor of 12167 and 38249?
23
Calculate the greatest common divisor of 13488 and 1483961.
281
What is the greatest common factor of 114 and 4062428?
38
What is the highest common factor of 164526687 and 108?
27
What is the greatest common divisor of 1172656 and 5696?
16
Calculate the gre